{"id":7,"date":"2023-01-11T03:25:11","date_gmt":"2023-01-11T02:25:11","guid":{"rendered":"http:\/\/verenariedler.at\/?page_id=7"},"modified":"2023-11-23T15:39:15","modified_gmt":"2023-11-23T14:39:15","slug":"verena-riedler-regenerative-zukunft","status":"publish","type":"page","link":"https:\/\/verenariedler.at\/","title":{"rendered":"Verena Riedler &#8211; Regenerative Zukunft"},"content":{"rendered":"\r\n<div class=\"wp-block-column\" style=\"flex-basis: 50%;\"><!-- \/wp:column --><!-- wp:columns {\"verticalAlignment\":\"center\",\"align\":\"full\"} -->\r\n<div class=\"wp-block-columns alignfull are-vertically-aligned-center\"><!-- wp:column {\"width\":\"50%\"} -->\r\n<div class=\"wp-block-column\" style=\"flex-basis: 50%;\"><!-- wp:image -->\r\n<figure class=\"wp-block-image\"><div class=\"wpforms-container wpforms-container-full\" id=\"wpforms-324\"><form id=\"wpforms-form-324\" class=\"wpforms-validate wpforms-form wpforms-ajax-form\" data-formid=\"324\" method=\"post\" enctype=\"multipart\/form-data\" action=\"\/index.php?rest_route=%2Fwp%2Fv2%2Fpages%2F7\" data-token=\"fcb00336171a1174104023edfb37b81a\"><noscript class=\"wpforms-error-noscript\">Please enable JavaScript in your browser to complete this form.<\/noscript><div class=\"wpforms-field-container\"><div id=\"wpforms-324-field_0-container\" class=\"wpforms-field wpforms-field-name wpforms-one-third wpforms-first\" data-field-id=\"0\"><label class=\"wpforms-field-label\" for=\"wpforms-324-field_0\">Name <span class=\"wpforms-required-label\">*<\/span><\/label><div class=\"wpforms-field-row wpforms-field-medium\"><div class=\"wpforms-field-row-block wpforms-first wpforms-one-half\"><input type=\"text\" id=\"wpforms-324-field_0\" class=\"wpforms-field-name-first wpforms-field-required\" name=\"wpforms[fields][0][first]\" required><label for=\"wpforms-324-field_0\" class=\"wpforms-field-sublabel after \">First<\/label><\/div><div class=\"wpforms-field-row-block wpforms-one-half\"><input type=\"text\" id=\"wpforms-324-field_0-last\" class=\"wpforms-field-name-last wpforms-field-required\" name=\"wpforms[fields][0][last]\" required><label for=\"wpforms-324-field_0-last\" class=\"wpforms-field-sublabel after \">Last<\/label><\/div><\/div><\/div><div id=\"wpforms-324-field_1-container\" class=\"wpforms-field wpforms-field-email\" data-field-id=\"1\"><label class=\"wpforms-field-label\" for=\"wpforms-324-field_1\">E-Mail <span class=\"wpforms-required-label\">*<\/span><\/label><input type=\"email\" id=\"wpforms-324-field_1\" class=\"wpforms-field-medium wpforms-field-required\" name=\"wpforms[fields][1]\" spellcheck=\"false\" required><\/div><div id=\"wpforms-324-field_2-container\" class=\"wpforms-field wpforms-field-textarea\" data-field-id=\"2\"><label class=\"wpforms-field-label\" for=\"wpforms-324-field_2\">Kommentar oder Nachricht<\/label><textarea id=\"wpforms-324-field_2\" class=\"wpforms-field-medium\" name=\"wpforms[fields][2]\" ><\/textarea><\/div><\/div><!-- .wpforms-field-container --><div class=\"wpforms-recaptcha-container wpforms-is-turnstile\" ><div class=\"g-recaptcha\" data-sitekey=\"0x4AAAAAAAC4ofrtz8C8F0SJ\" data-action=\"FormID-324\"><\/div><input type=\"text\" name=\"g-recaptcha-hidden\" class=\"wpforms-recaptcha-hidden\" style=\"position:absolute!important;clip:rect(0,0,0,0)!important;height:1px!important;width:1px!important;border:0!important;overflow:hidden!important;padding:0!important;margin:0!important;\" data-rule-turnstile=\"1\"><\/div><div class=\"wpforms-submit-container\" ><input type=\"hidden\" name=\"wpforms[id]\" value=\"324\"><input type=\"hidden\" name=\"wpforms[author]\" value=\"1\"><button type=\"submit\" name=\"wpforms[submit]\" id=\"wpforms-submit-324\" class=\"wpforms-submit\" data-alt-text=\"Senden\u2026\" data-submit-text=\"Absenden\" aria-live=\"assertive\" value=\"wpforms-submit\">Absenden<\/button><img loading=\"lazy\" decoding=\"async\" src=\"https:\/\/verenariedler.at\/wp-content\/plugins\/wpforms-lite\/assets\/images\/submit-spin.svg\" class=\"wpforms-submit-spinner\" style=\"display: none;\" width=\"26\" height=\"26\" alt=\"Loading\"><\/div><\/form><\/div>  <!-- .wpforms-container --><img alt=\"\" \/><\/figure>\r\n<\/div>\r\n<\/div><!-- \/wp:post-content --><!-- \/wp:columns --><!-- wp:post-content --><!-- wp:columns {\"verticalAlignment\":\"center\",\"align\":\"full\"} -->\r\n<div class=\"wp-block-columns alignfull are-vertically-aligned-center\"><!-- wp:column {\"width\":\"50%\"} -->\r\n<div class=\"wp-block-column\" style=\"flex-basis: 50%;\"><!-- wp:image -->\r\n<figure class=\"wp-block-image\"><div class=\"wpforms-container wpforms-container-full\" id=\"wpforms-324\"><form id=\"wpforms-form-324\" class=\"wpforms-validate wpforms-form wpforms-ajax-form\" data-formid=\"324\" method=\"post\" enctype=\"multipart\/form-data\" action=\"\/index.php?rest_route=%2Fwp%2Fv2%2Fpages%2F7\" data-token=\"fcb00336171a1174104023edfb37b81a\"><noscript class=\"wpforms-error-noscript\">Please enable JavaScript in your browser to complete this form.<\/noscript><div class=\"wpforms-field-container\"><div id=\"wpforms-324-field_0-container\" class=\"wpforms-field wpforms-field-name wpforms-one-third wpforms-first\" data-field-id=\"0\"><label class=\"wpforms-field-label\" for=\"wpforms-324-field_0\">Name <span class=\"wpforms-required-label\">*<\/span><\/label><div class=\"wpforms-field-row wpforms-field-medium\"><div class=\"wpforms-field-row-block wpforms-first wpforms-one-half\"><input type=\"text\" id=\"wpforms-324-field_0\" class=\"wpforms-field-name-first wpforms-field-required\" name=\"wpforms[fields][0][first]\" required><label for=\"wpforms-324-field_0\" class=\"wpforms-field-sublabel after \">First<\/label><\/div><div class=\"wpforms-field-row-block wpforms-one-half\"><input type=\"text\" id=\"wpforms-324-field_0-last\" class=\"wpforms-field-name-last wpforms-field-required\" name=\"wpforms[fields][0][last]\" required><label for=\"wpforms-324-field_0-last\" class=\"wpforms-field-sublabel after \">Last<\/label><\/div><\/div><\/div><div id=\"wpforms-324-field_1-container\" class=\"wpforms-field wpforms-field-email\" data-field-id=\"1\"><label class=\"wpforms-field-label\" for=\"wpforms-324-field_1\">E-Mail <span class=\"wpforms-required-label\">*<\/span><\/label><input type=\"email\" id=\"wpforms-324-field_1\" class=\"wpforms-field-medium wpforms-field-required\" name=\"wpforms[fields][1]\" spellcheck=\"false\" required><\/div><div id=\"wpforms-324-field_2-container\" class=\"wpforms-field wpforms-field-textarea\" data-field-id=\"2\"><label class=\"wpforms-field-label\" for=\"wpforms-324-field_2\">Kommentar oder Nachricht<\/label><textarea id=\"wpforms-324-field_2\" class=\"wpforms-field-medium\" name=\"wpforms[fields][2]\" ><\/textarea><\/div><\/div><!-- .wpforms-field-container --><div class=\"wpforms-recaptcha-container wpforms-is-turnstile\" ><div class=\"g-recaptcha\" data-sitekey=\"0x4AAAAAAAC4ofrtz8C8F0SJ\" data-action=\"FormID-324\"><\/div><input type=\"text\" name=\"g-recaptcha-hidden\" class=\"wpforms-recaptcha-hidden\" style=\"position:absolute!important;clip:rect(0,0,0,0)!important;height:1px!important;width:1px!important;border:0!important;overflow:hidden!important;padding:0!important;margin:0!important;\" data-rule-turnstile=\"1\"><\/div><div class=\"wpforms-submit-container\" ><input type=\"hidden\" name=\"wpforms[id]\" value=\"324\"><input type=\"hidden\" name=\"wpforms[author]\" value=\"1\"><button type=\"submit\" name=\"wpforms[submit]\" id=\"wpforms-submit-324\" class=\"wpforms-submit\" data-alt-text=\"Senden\u2026\" data-submit-text=\"Absenden\" aria-live=\"assertive\" value=\"wpforms-submit\">Absenden<\/button><img loading=\"lazy\" decoding=\"async\" src=\"https:\/\/verenariedler.at\/wp-content\/plugins\/wpforms-lite\/assets\/images\/submit-spin.svg\" class=\"wpforms-submit-spinner\" style=\"display: none;\" width=\"26\" height=\"26\" alt=\"Loading\"><\/div><\/form><\/div>  <!-- .wpforms-container --><img alt=\"\" \/><\/figure>\r\n<\/div>\r\n<\/div><!-- \/wp:post-content -->","protected":false},"excerpt":{"rendered":"","protected":false},"author":1,"featured_media":0,"parent":0,"menu_order":0,"comment_status":"closed","ping_status":"closed","template":"","meta":{"footnotes":""},"class_list":["post-7","page","type-page","status-publish","hentry"],"yoast_head":"<!-- This site is optimized with the Yoast SEO plugin v21.5 - https:\/\/yoast.com\/wordpress\/plugins\/seo\/ -->\n<title>Verena Riedler - Regenerative Zukunft - verenariedler.at<\/title>\n<meta name=\"description\" content=\"Verena Riedler f\u00fcr nachhaltige Ver\u00e4nderung - Br\u00fcckenbauerin zwischen Business und Aktivismus - Netzwerkerin rund um CSR und Startups\" \/>\n<meta name=\"robots\" content=\"index, follow, max-snippet:-1, max-image-preview:large, max-video-preview:-1\" \/>\n<link rel=\"canonical\" href=\"https:\/\/verenariedler.at\/\" \/>\n<meta property=\"og:locale\" content=\"en_US\" \/>\n<meta property=\"og:type\" content=\"article\" \/>\n<meta property=\"og:title\" content=\"Verena Riedler - Regenerative Zukunft - verenariedler.at\" \/>\n<meta property=\"og:description\" content=\"Verena Riedler f\u00fcr nachhaltige Ver\u00e4nderung - Br\u00fcckenbauerin zwischen Business und Aktivismus - Netzwerkerin rund um CSR und Startups\" \/>\n<meta property=\"og:url\" content=\"https:\/\/verenariedler.at\/\" \/>\n<meta property=\"og:site_name\" content=\"verenariedler.at\" \/>\n<meta property=\"article:modified_time\" content=\"2023-11-23T14:39:15+00:00\" \/>\n<meta name=\"twitter:card\" content=\"summary_large_image\" \/>\n<meta name=\"twitter:label1\" content=\"Est. reading time\" \/>\n\t<meta name=\"twitter:data1\" content=\"1 minute\" \/>\n<script type=\"application\/ld+json\" class=\"yoast-schema-graph\">{\"@context\":\"https:\/\/schema.org\",\"@graph\":[{\"@type\":\"WebPage\",\"@id\":\"https:\/\/verenariedler.at\/\",\"url\":\"https:\/\/verenariedler.at\/\",\"name\":\"Verena Riedler - Regenerative Zukunft - verenariedler.at\",\"isPartOf\":{\"@id\":\"https:\/\/verenariedler.at\/#website\"},\"datePublished\":\"2023-01-11T02:25:11+00:00\",\"dateModified\":\"2023-11-23T14:39:15+00:00\",\"description\":\"Verena Riedler f\u00fcr nachhaltige Ver\u00e4nderung - Br\u00fcckenbauerin zwischen Business und Aktivismus - Netzwerkerin rund um CSR und Startups\",\"breadcrumb\":{\"@id\":\"https:\/\/verenariedler.at\/#breadcrumb\"},\"inLanguage\":\"en-US\",\"potentialAction\":[{\"@type\":\"ReadAction\",\"target\":[\"https:\/\/verenariedler.at\/\"]}]},{\"@type\":\"BreadcrumbList\",\"@id\":\"https:\/\/verenariedler.at\/#breadcrumb\",\"itemListElement\":[{\"@type\":\"ListItem\",\"position\":1,\"name\":\"Startseite\",\"item\":\"https:\/\/verenariedler.at\/\"},{\"@type\":\"ListItem\",\"position\":2,\"name\":\"Verena Riedler &#8211; Regenerative Zukunft\"}]},{\"@type\":\"WebSite\",\"@id\":\"https:\/\/verenariedler.at\/#website\",\"url\":\"https:\/\/verenariedler.at\/\",\"name\":\"verenariedler.at\",\"description\":\"Eine weitere WordPress-Website\",\"potentialAction\":[{\"@type\":\"SearchAction\",\"target\":{\"@type\":\"EntryPoint\",\"urlTemplate\":\"https:\/\/verenariedler.at\/?s={search_term_string}\"},\"query-input\":\"required name=search_term_string\"}],\"inLanguage\":\"en-US\"}]}<\/script>\n<!-- \/ Yoast SEO plugin. -->","yoast_head_json":{"title":"Verena Riedler - Regenerative Zukunft - verenariedler.at","description":"Verena Riedler f\u00fcr nachhaltige Ver\u00e4nderung - Br\u00fcckenbauerin zwischen Business und Aktivismus - Netzwerkerin rund um CSR und Startups","robots":{"index":"index","follow":"follow","max-snippet":"max-snippet:-1","max-image-preview":"max-image-preview:large","max-video-preview":"max-video-preview:-1"},"canonical":"https:\/\/verenariedler.at\/","og_locale":"en_US","og_type":"article","og_title":"Verena Riedler - Regenerative Zukunft - verenariedler.at","og_description":"Verena Riedler f\u00fcr nachhaltige Ver\u00e4nderung - Br\u00fcckenbauerin zwischen Business und Aktivismus - Netzwerkerin rund um CSR und Startups","og_url":"https:\/\/verenariedler.at\/","og_site_name":"verenariedler.at","article_modified_time":"2023-11-23T14:39:15+00:00","twitter_card":"summary_large_image","twitter_misc":{"Est. reading time":"1 minute"},"schema":{"@context":"https:\/\/schema.org","@graph":[{"@type":"WebPage","@id":"https:\/\/verenariedler.at\/","url":"https:\/\/verenariedler.at\/","name":"Verena Riedler - Regenerative Zukunft - verenariedler.at","isPartOf":{"@id":"https:\/\/verenariedler.at\/#website"},"datePublished":"2023-01-11T02:25:11+00:00","dateModified":"2023-11-23T14:39:15+00:00","description":"Verena Riedler f\u00fcr nachhaltige Ver\u00e4nderung - Br\u00fcckenbauerin zwischen Business und Aktivismus - Netzwerkerin rund um CSR und Startups","breadcrumb":{"@id":"https:\/\/verenariedler.at\/#breadcrumb"},"inLanguage":"en-US","potentialAction":[{"@type":"ReadAction","target":["https:\/\/verenariedler.at\/"]}]},{"@type":"BreadcrumbList","@id":"https:\/\/verenariedler.at\/#breadcrumb","itemListElement":[{"@type":"ListItem","position":1,"name":"Startseite","item":"https:\/\/verenariedler.at\/"},{"@type":"ListItem","position":2,"name":"Verena Riedler &#8211; Regenerative Zukunft"}]},{"@type":"WebSite","@id":"https:\/\/verenariedler.at\/#website","url":"https:\/\/verenariedler.at\/","name":"verenariedler.at","description":"Eine weitere WordPress-Website","potentialAction":[{"@type":"SearchAction","target":{"@type":"EntryPoint","urlTemplate":"https:\/\/verenariedler.at\/?s={search_term_string}"},"query-input":"required name=search_term_string"}],"inLanguage":"en-US"}]}},"_links":{"self":[{"href":"https:\/\/verenariedler.at\/index.php?rest_route=\/wp\/v2\/pages\/7","targetHints":{"allow":["GET"]}}],"collection":[{"href":"https:\/\/verenariedler.at\/index.php?rest_route=\/wp\/v2\/pages"}],"about":[{"href":"https:\/\/verenariedler.at\/index.php?rest_route=\/wp\/v2\/types\/page"}],"author":[{"embeddable":true,"href":"https:\/\/verenariedler.at\/index.php?rest_route=\/wp\/v2\/users\/1"}],"replies":[{"embeddable":true,"href":"https:\/\/verenariedler.at\/index.php?rest_route=%2Fwp%2Fv2%2Fcomments&post=7"}],"version-history":[{"count":10,"href":"https:\/\/verenariedler.at\/index.php?rest_route=\/wp\/v2\/pages\/7\/revisions"}],"predecessor-version":[{"id":331,"href":"https:\/\/verenariedler.at\/index.php?rest_route=\/wp\/v2\/pages\/7\/revisions\/331"}],"wp:attachment":[{"href":"https:\/\/verenariedler.at\/index.php?rest_route=%2Fwp%2Fv2%2Fmedia&parent=7"}],"curies":[{"name":"wp","href":"https:\/\/api.w.org\/{rel}","templated":true}]}}